e
Is 4691581 a composite number?
True
Is 52302431 a composite number?
False
Is 16710547 composite?
True
Is 2958265223 a prime number?
True
Is 961148837 a composite number?
True
Is 84725833 composite?
False
Is 1636531339 a prime number?
True
Is 186732431 composite?
False
Is 36933343 prime?
True
Is 697313 composite?
True
Is 8537753 prime?
False
Is 151174129 a composite number?
True
Is 521863 a composite number?
True
Is 734333 a composite number?
True
Is 13772921 prime?
True
Is 323312153 prime?
False
Is 24008149 a prime number?
False
Is 112775159 a composite number?
True
Is 1920461 a prime number?
False
Is 59183391 a prime number?
False
Is 14252351 prime?
False
Is 21464963 a prime number?
False
Is 67803413 a composite number?
False
Is 62034562 prime?
False
Is 11337497 a prime number?
True
Is 32117 a prime number?
True
Is 9954291 composite?
True
Is 993941573 a composite number?
True
Is 15678853 prime?
False
Is 6386359 a prime number?
False
Is 522469 composite?
False
Is 32526335 composite?
True
Is 2698369 prime?
False
Is 399204083 composite?
True
Is 426889 a composite number?
False
Is 3198637 composite?
True
Is 1271597 a composite number?
False
Is 999291439 a composite number?
False
Is 3694031 composite?
True
Is 1585333 composite?
True
Is 235031207 composite?
True
Is 24467747 prime?
False
Is 142470127 a composite number?
True
Is 57117479 prime?
False
Is 193741217 a prime number?
True
Is 192116761 a composite number?
True
Is 161969 prime?
True
Is 31654031 composite?
True
Is 1510661 a composite number?
True
Is 83383 prime?
True
Is 26269093 composite?
True
Is 36463873 composite?
False
Is 89648459 a prime number?
True
Is 38011591 a prime number?
True
Is 24450851 prime?
False
Is 886546 a composite number?
True
Is 15404009 composite?
False
Is 370081 a composite number?
False
Is 2624513 a composite number?
False
Is 11150581 prime?
False
Is 790327 a prime number?
True
Is 3032321 prime?
True
Is 3463535 a composite number?
True
Is 20562991 prime?
False
Is 11015419 a composite number?
False
Is 6733813 prime?
True
Is 204931 a composite number?
False
Is 40580699 a composite number?
False
Is 25951589 a composite number?
True
Is 8471167 a prime number?
True
Is 1141123 prime?
True
Is 12370915 prime?
False
Is 10048529 a prime number?
False
Is 3029203 prime?
False
Is 527415241 prime?
True
Is 586189 a prime number?
True
Is 18382487 a composite number?
True
Is 22759951 composite?
True
Is 621583 prime?
True
Is 124648211 a composite number?
False
Is 8690369 a composite number?
True
Is 4883503 prime?
True
Is 119688511 a composite number?
False
Is 471989783 a prime number?
False
Is 74930263 a composite number?
False
Is 1076563 prime?
True
Is 8618801 a composite number?
True
Is 31768477 a prime number?
False
Is 7380869 a composite number?
False
Is 73354702 a prime number?
False
Is 19729441 prime?
False
Is 32373623 composite?
True
Is 118691933 prime?
True
Is 18099217 a prime number?
True
Is 2267071 prime?
True
Is 116341 a prime number?
True
Is 33190669 a prime number?
True
Is 9347447 composite?
True
Is 1942595 prime?
False
Is 26640319 a composite number?
True
Is 504304283 a composite number?
True
Is 26774929 composite?
True
Is 57026141 prime?
True
Is 147545609 composite?
False
Is 21120857 a composite number?
True
Is 7871593 a composite number?
False
Is 4469609 composite?
False
Is 56228567 a composite number?
True
Is 85412269 a prime number?
True
Is 814441471 prime?
True
Is 29335109 prime?
True
Is 1226461 prime?
True
Is 166121297 a prime number?
False
Is 48133639 prime?
True
Is 35401397 prime?
False
Is 11326477 composite?
True
Is 82672489 prime?
False
Is 863033 composite?
True
Is 23838289 a prime number?
False
Is 79380787 composite?
True
Is 54751 a prime number?
True
Is 114695851 a prime number?
True
Is 1548583 a prime number?
False
Is 5344697 composite?
False
Is 62378741 composite?
False
Is 8231827 prime?
True
Is 3691733 composite?
True
Is 211273247 a prime number?
True
Is 33915746 a composite number?
True
Is 109968785 prime?
False
Is 45153254 prime?
False
Is 3394023 a prime number?
False
Is 969863 a composite number?
False
Is 1679035 prime?
False
Is 1599011 a composite number?
True
Is 49818029 a prime number?
False
Is 20129251 prime?
True
Is 6154991 prime?
True
Is 8517727 a composite number?
False
Is 3541819 composite?
True
Is 2771941 a prime number?
False
Is 1460111 prime?
True
Is 2144101 prime?
False
Is 1080237623 a composite number?
False
Is 2294159 a composite number?
True
Is 12833501 prime?
True
Is 5789495 a prime number?
False
Is 224359463 a prime number?
False
Is 3504373 prime?
True
Is 37020839 a composite number?
True
Is 14064207 composite?
True
Is 4840205 composite?
True
Is 240760183 composite?
False
Is 193474057 a prime number?
False
Is 66587258 prime?
False
Is 1482914 a prime number?
False
Is 2749574 a prime number?
False
Is 3113767 prime?
True
Is 14548318 a prime number?
False
Is 66275099 a prime number?
False
Is 757411 prime?
False
Is 3593413 composite?
True
Is 2151971 a composite number?
False
Is 7043209 composite?
True
Is 53916747 prime?
False
Is 263598383 a composite number?
True
Is 63498583 a prime number?
True
Is 514970413 composite?
False
Is 756352141 prime?
False
Is 393767 a prime number?
False
Is 40059373 a prime number?
True
Is 20175899 a composite number?
True
Is 72959149 prime?
False
Is 1246967 composite?
True
Is 6355579 a prime number?
False
Is 40961351 composite?
False
Is 7323509 composite?
False
Is 1220399 a prime number?
False
Is 91419487 prime?
True
Is 6052997 a prime number?
False
Is 40275463 prime?
True
Is 326479 composite?
False
Is 311873 prime?
False
Is 3820169 a prime number?
False
Is 46412893 composite?
False
Is 11922767 a composite number?
False
Is 220939 prime?
True
Is 19840309 a prime number?
False
Is 8384749 prime?
True
Is 351217 a composite number?
False
Is 745343 composite?
False
Is 110721551 a composite number?
False
Is 19587361 prime?
False
Is 13636637 composite?
True
Is 738743 a prime number?
True
Is 3559903 prime?
True
Is 695872217 a prime number?
True
Is 924965 a prime number?
False
Is 11164963 composite?
True
Is 1895133 prime?
False
Is 68282993 a composite number?
True
Is 25436419 prime?
True
Is 99596207 prime?
True
Is 3269239 a prime number?
True
Is 365932217 composite?
True
Is 12360655 a prime number?
False
Is 1285593 prime?
False
Is 1881881 a prime number?
True
Is 172558117 a prime number?
True
Is 70481 a composite number?
False
Is 873526469 prime?
False
Is 2671843 a composite number?
False
Is 47486893 a prime number?
True
Is 21542761 prime?
True
Is 34435433 composite?
False
Is 4387741 a composite number?
False
Is 134125363 prime?
True
Is 320549 composite?
True
Is 51604727 composite?
True
Is 15228029 a composite number?
False
Is 717617671 composite?
True
Is 6496751 a prime number?
False
Is 61477379 a composite number?
False
Is 89641 prime?
False
Is 50540213 a prime number?
True
Is 6862963 a composite number?
False
Is 16693877 a prime number?
True
Is 2884405 prime?
False
Is 5963203 a prime number?
True
Is 1867367 a prime number?
True
Is 3757279 composite?
False
Is 90537323 composite?
True
Is 4324101 a composite number?
True
Is 122920943 a prime number?
False
Is 66476011 composite?
True
Is 6313633 a composite number?
True
Is 23214097 prime?
False
Is 21846533 a prime number?
True
Is 18781771 composite?
True
Is 27546586 a prime number?
False
Is 717356257 a composite number?
False
Is 30841049 a prime number?
True
Is 569631 a prime number?
False
Is 1703957 a prime number?
True
Is 50862943 composite?
True
Is 391337 prime?
True
Is 17507669 a prime number?
False
Is 11427691 a prime number?
False
Is 2949701 a composite number?
False
Is 49284983 prime?
False
Is 8925211 composite?
False
Is 142197721 composite?
True
Is 2483219 prime?
True
Is 6549337 a composite number?
True
Is 1009433 prime?
True
Is 72695513 prime?
False
Is 877231 a prime number?
False
Is 1241353 composite?
True
Is 471589 a composite number?
False
Is 451023289 prime?
True
Is 413171 a prime number?
False
Is 7196039 a composite number?
True
Is 27100369 a composite number?
False
Is 6063721 a composite number?
False
Is 183361 a composite number?
False
Is 65083273 prime?
True
Is 46694953 composite?
False
Is 82350553 a prime number?
True
Is 59766401 prime?
True
Is 165011